se 11?
2397
What is 211 (base 14) in base 9?
502
What is -3255 (base 7) in base 11?
-971
What is -d301 (base 14) in base 12?
-18b99
What is -723 (base 16) in base 2?
-11100100011
What is -10001010011111 (base 2) in base 3?
-110011021
295 (base 15) to base 6
2422
What is 333210 (base 4) in base 14?
16a8
What is -dd28 (base 14) in base 13?
-1454a
-2104 (base 8) to base 4
-101010
645f (base 16) to base 2
110010001011111
-401213 (base 5) to base 15
-3b58
39 (base 16) to base 5
212
Convert -691 (base 10) to base 15.
-311
-3133103 (base 4) to base 16
-37d3
What is 35013 (base 7) in base 5?
241203
What is -5a01 (base 12) in base 11?
-7635
Convert -110122 (base 3) to base 8.
-525
Convert -11100012 (base 4) to base 12.
-10546
Convert 22862 (base 9) to base 14.
57da
102020022 (base 3) to base 7
32606
-5604 (base 12) to base 15
-2c3d
What is 2113211 (base 5) in base 10?
35431
What is 1179 (base 15) in base 14?
14d4
What is 27080 (base 9) in base 14?
694d
Convert -47 (base 9) to base 3.
-1121
Convert 31451 (base 11) to base 16.
b2e2
What is 49 (base 12) in base 9?
63
-4450 (base 6) to base 7
-3012
Convert 100010001 (base 2) to base 8.
421
1567 (base 13) to base 12
1987
What is -2401413 (base 5) in base 9?
-66300
-41845 (base 12) to base 8
-247565
Convert 6534 (base 7) to base 5.
33303
-1111002 (base 3) to base 2
-10000111010
531 (base 11) to base 7
1602
What is -1212030 (base 4) in base 10?
-6540
-141111 (base 5) to base 16
-1695
12c (base 14) to base 3
22202
What is 177 (base 13) in base 12?
1a3
Convert 81b (base 14) to base 2.
11000111001
Convert 1410 (base 6) to base 7.
1032
Convert -121220 (base 4) to base 13.
-992
10111111 (base 2) to base 13
119
Convert -103a (base 16) to base 7.
-15053
Convert -505 (base 14) to base 10.
-985
What is -1211012 (base 3) in base 12?
-928
-3928 (base 12) to base 13
-2c6c
Convert 3382 (base 10) to base 11.
25a5
40b (base 15) to base 13
551
What is -140123 (base 5) in base 8?
-13037
Convert -1c21 (base 13) to base 12.
-2564
144133 (base 5) to base 9
8413
Convert -b90 (base 15) to base 5.
-40420
-111001000 (base 2) to base 5
-3311
-402402 (base 5) to base 8
-31064
-61472 (base 8) to base 11
-180a3
Convert 2039 (base 16) to base 6.
102105
Convert 3473 (base 13) to base 6.
54025
Convert 7 (base 13) to base 10.
7
Convert -2b2d (base 14) to base 11.
-5857
6c24 (base 15) to base 2
101100111001000
What is -15a0 (base 11) in base 16?
-7fe
Convert 524 (base 6) to base 10.
196
-399 (base 12) to base 2
-1000100101
550 (base 11) to base 8
1224
What is 20303 (base 6) in base 15?
c03
-19393 (base 11) to base 13
-c436
-192 (base 11) to base 8
-336
-210101 (base 4) to base 16
-911
Convert -5bc (base 15) to base 11.
-a84
Convert -101001101010 (base 2) to base 15.
-bcb
What is 41 (base 11) in base 3?
1200
-3130303 (base 4) to base 6
-145231
-100100000010 (base 2) to base 16
-902
-671 (base 16) to base 6
-11345
45570 (base 10) to base 16
b202
11662 (base 8) to base 16
13b2
Convert 213 (base 12) to base 8.
457
What is -1123332 (base 4) in base 8?
-13376
-c (base 16) to base 5
-22
What is -83d5 (base 16) in base 3?
-1201021222
Convert 652 (base 8) to base 16.
1aa
What is 10002101 (base 4) in base 13?
76a6
What is 10234 (base 10) in base 3?
112001001
What is 3724 (base 10) in base 7?
13600
Convert 1a20 (base 12) to base 6.
22440
-474 (base 12) to base 8
-1230
-761 (base 9) to base 4
-21232
What is -2 (base 6) in base 5?
-2
1012144 (base 5) to base 7
66151
Convert a16 (base 15) to base 14.
b83
-1887 (base 10) to base 11
-1466
Convert -15122 (base 6) to base 8.
-4572
143301 (base 5) to base 8
13674
Convert -1221002 (base 3) to base 8.
-2576
-200000 (base 4) to base 13
-c17
What is 101174 (base 8) in base 4?
20021330
What is -964 (base 11) in base 15?
-524
What is 1118 (base 11) in base 16?
5bf
1202 (base 3) to base 12
3b
What is 134434 (base 6) in base 12?
741a
Convert 1232202 (base 4) to base 10.
7074
What is 186 (base 9) in base 6?
423
Convert -a7 (base 11) to base 6.
-313
What is 238a (base 12) in base 9?
5427
What is -3221321 (base 4) in base 5?
-434334
Convert -32313 (base 8) to base 6.
-142323
What is -13023 (base 4) in base 8?
-713
-231 (base 12) to base 6
-1301
What is -3aaa (base 15) in base 12?
-7307
What is -135233 (base 8) in base 6?
-1005055
Convert -270 (base 10) to base 4.
-10032
-100011012 (base 3) to base 2
-1101000010010
Convert 108 (base 9) to base 7.
155
What is -12333233 (base 4) in base 12?
-146bb
What is -1502 (base 8) in base 9?
-1126
Convert -230300 (base 5) to base 6.
-101544
3807 (base 9) to base 11
2154
Convert -340524 (base 6) to base 3.
-1110101021
12360 (base 8) to base 15
18c5
Convert 1003 (base 9) to base 13.
444
What is -1333 (base 4) in base 8?
-177
-100027 (base 8) to base 5
-2022131
Convert -6bcc (base 16) to base 13.
-c73a
Convert 647 (base 8) to base 13.
267
Convert -16344 (base 12) to base 13.
-114bb
248 (base 9) to base 3
21122
What is 110011100010010 (base 2) in base 9?
40167
What is 16c23 (base 13) in base 7?
241461
b96 (base 14) to base 8
4360
What is -608 (base 14) in base 3?
-1121212
Convert 1344 (base 6) to base 11.
2a0
What is -12614 (base 12) in base 6?
-312024
1624 (base 8) to base 14
496
Convert -194 (base 12) to base 13.
-169
-10210102212 (base 3) to base 4
-102032312
1111410 (base 5) to base 3
222220010
Convert 7105 (base 14) to base 11.
13645
Convert ab (base 12) to base 16.
83
What is 53221 (base 6) in base 5?
212323
-221 (base 10) to base 12
-165
-2620 (base 8) to base 4
-112100
What is 6058 (base 10) in base 15?
1bdd
54282 (base 10) to base 11
37868
14343 (base 6) to base 3
10011000
-b17 (base 12) to base 7
-4450
Convert 101101111111010 (base 2) to base 15.
6e9b
What is -30d (base 16) in base 6?
-3341
111201 (base 3) to base 6
1414
b600 (base 12) to base 4
10312200
What is -5887 (base 11) in base 2?
-1111000100110
Convert -3673 (base 9) to base 15.
-c29
Convert 10010100111111100 (base 2) to base 14.
1db2c
Convert 20d3 (base 15) to base 16.
1b24
Convert -63e4 (base 15) to base 9.
-31887
What is 4107 (base 9) in base 6?
21524
165 (base 11) to base 16
c0
Convert -12663 (base 7) to base 2.
-110101100010
-6322 (base 11) to base 15
-2733
-1552 (base 7) to base 16
-271
Convert 100212 (base 3) to base 12.
1a2
Convert 1011001 (base 3) to base 14.
43c
Convert -33021 (base 5) to base 11.
-1776
Convert -356 (base 16) to base 13.
-509
Convert -12db (base 15) to base 16.
-fbf
Convert -4051 (base 11) to base 13.
-25ab
What is 7a7 (base 16) in base 15?
8a9
What is 82 (base 11) in base 7?
156
112101 (base 3) to base 2
110000100
3234 (base 7) to base 4
102000
Convert -2453 (base 6) to base 4.
-21201
Convert 35644 (base 10) to base 16.
8b3c
What is -10100010100 (base 2) in base 4?
-110110
Convert 2031 (base 10) to base 8.
3757
-3a44 (base 12) to base 14
-260c
101000110010000 (base 2) to base 7
114606
100100100 (base 2) to base 15
147
Convert -595 (base 11) to base 8.
-1305
2657 (base 11) to base 6
23550
Convert -562 (base 7) to base 5.
-2124
7315 (base 8) to base 13
1956
Convert -2544 (base 7) to base 16.
-3c3
-6b8c (base 13) to base 10
-15157
What is 1100 (base 10) in base 8?
2114
-347c (base 14) to base 16
-23a6
1414 (base 8) to base 4
30030
-179 (base 16) to base 4
-11321
Convert -28e (base 16) to base 14.
-34a
Convert -222 (base 5) to base 15.
-42
Convert -13265 (base 9) to base 11.
-6814
Convert -3451 (base 6) to base 9.
-1114
Convert -3261 (base 13) to base 14.
-27a8
What is -23330 (base 5) in base 7?
-5000
What is 169 (base 11) in base 9?
237
Convert -1b13 (base 15) to base 2.
-1011011101100
What is -254 (base 9) in base 6?
-551
What is -5c5 (base 16) in base 10?
-1477
What is -136436 (base 9) in base 13?
-2bcb3
Convert 894 (base 14) to base 11.
1304
Convert -c3b (base 14) to base 13.
-1130
What is 164 (base 13) in base 12?
18b
53002 (base 7) to base 4
3023230
10111101 (base 2) to base 12
139
What is -11011110 (base 2) in base 8?
-336
What is -110011011101100 (base 2) in base 15?
-7c18
aabc (base 15) to base 13
1360b
What is 1322120 (base 5) in base 14?
9955
Convert 161 (base 8) to base 14.
81
Convert -21200000 (base 3) to base 13.
-270c
10000100010 (base 2) to base 10
1058
Convert -1100001011111111 (base 2) to base 16.
-c2ff
What is 2e3e (base 15) in base 16?
26e7
-145 (base 9) to base 11
-101
-